{"id":53,"date":"2022-02-18T13:42:21","date_gmt":"2022-02-18T13:42:21","guid":{"rendered":"https:\/\/chraebe.li\/?page_id=53"},"modified":"2022-07-16T08:58:10","modified_gmt":"2022-07-16T08:58:10","slug":"projekt-quinzy","status":"publish","type":"page","link":"https:\/\/chraebe.li\/?page_id=53","title":{"rendered":"Projekt &#171;Quinzy&#187;"},"content":{"rendered":"\n<figure class=\"wp-block-image size-full\"><img loading=\"lazy\" decoding=\"async\" width=\"721\" height=\"631\" src=\"https:\/\/chraebe.li\/wp-content\/uploads\/2022\/07\/quiny.drawio.png\" alt=\"\" class=\"wp-image-118\" srcset=\"https:\/\/chraebe.li\/wp-content\/uploads\/2022\/07\/quiny.drawio.png 721w, https:\/\/chraebe.li\/wp-content\/uploads\/2022\/07\/quiny.drawio-300x263.png 300w\" sizes=\"auto, (max-width: 721px) 100vw, 721px\" \/><\/figure>\n\n\n\n<h2 class=\"wp-block-heading\">H\u00f6ren &#8211; wie?<\/h2>\n\n\n\n<ol class=\"wp-block-list\"><li><strong>Schallwellen<\/strong> treffen auf Ohr und gelangen via Ohrmuschel <strong>ans Trommelfell<\/strong><\/li><li><strong>Trommelfell<\/strong> \u00fcbernimmt Schall und <strong>setzt Fl\u00fcssigkeit<\/strong> in &#171;Cochlea&#187; (H\u00f6rschnecke) <strong>in Gang<\/strong><\/li><li><strong>Haarzellen<\/strong> in H\u00f6rschnecke <strong>biegen sich durch Fl\u00fcssigkeitsbewegung<\/strong><\/li><li><strong>Biegung<\/strong> der Haarzellen l\u00f6st <strong>elektrische Signale aus<\/strong>, welche <strong>via H\u00f6rnerv an Hirn<\/strong> weitergeleitet- und verarbeitet werden<\/li><\/ol>\n\n\n\n<p style=\"font-size:12px\">Quelle (15.07.2022): <em><a href=\"https:\/\/www.uniklinikum-dresden.de\/de\/das-klinikum\/kliniken-polikliniken-institute\/scic\/horen-mit-ci\/a-wie-wir-horen#:~:text=Das%20Au%C3%9Fenohr%20f%C3%A4ngt%20die%20Schallwellen,%2D%20Cochlea%20(lat.).\">https:\/\/www.uniklinikum-dresden.de\/de\/das-klinikum\/kliniken-polikliniken-institute\/scic\/horen-mit-ci\/a-wie-wir-horen#:~:text=Das%20Au%C3%9Fenohr%20f%C3%A4ngt%20die%20Schallwellen,%2D%20Cochlea%20(lat.).<\/a><\/em><\/p>\n\n\n\n<p>Wahrzunehmender Schall muss eine <strong>Frequenz von ca. 20-20&#8217;000 Hz<\/strong> besitzen und einen <strong>Druck (in dB) > 0<\/strong> besitzen. Schall mit einer <strong>Frequenz &lt; 20 Hz<\/strong> nennt sich <strong>Infraschall<\/strong>, Schall <strong>> 20&#8217;000 Hz Ultraschall<\/strong>. Die Schallschmerzgrenze f\u00fcr den Menschen liegt bei ca. 130 dB (<strong>A<\/strong>). <strong>A<\/strong> steht dabei f\u00fcr eine Bewertung entsprechend dem menschlichen H\u00f6rempfinden.<\/p>\n\n\n\n<p style=\"font-size:12px\">Quelle (15.07.2022): <em><a href=\"https:\/\/www.amboss.com\/de\/wissen\/Akustik\/#:~:text=Der%20%22H%C3%B6rschall%22%20ist%20der%20Schall,das%20menschliche%20Geh%C3%B6r%20wahrnehmbar%20ist.\">https:\/\/www.amboss.com\/de\/wissen\/Akustik\/#:~:text=Der%20%22H%C3%B6rschall%22%20ist%20der%20Schall,das%20menschliche%20Geh%C3%B6r%20wahrnehmbar%20ist.<\/a><\/em><\/p>\n\n\n\n<p style=\"font-size:12px\">Quelle (15.07.2022): <em><a href=\"https:\/\/physikunterricht-online.de\/jahrgang-7\/schallwahrnehmung-und-schallmessung\/\">https:\/\/physikunterricht-online.de\/jahrgang-7\/schallwahrnehmung-und-schallmessung\/<\/a><\/em><\/p>\n\n\n\n<p style=\"font-size:12px\">Quelle (16.07.2022): <a href=\"https:\/\/www.stulz.de\/de\/newsroom\/blog\/schallpegelbewertung-db-dba-nr\/\">Schallpegelbewertung \u2013 dB, dB(A), NR | STULZ<\/a><\/p>\n\n\n\n<h2 class=\"wp-block-heading\">Sehen &#8211; wie?<\/h2>\n","protected":false},"excerpt":{"rendered":"<p>H\u00f6ren &#8211; wie? Schallwellen treffen auf Ohr und gelangen via Ohrmuschel ans Trommelfell Trommelfell \u00fcbernimmt Schall und setzt Fl\u00fcssigkeit in &#171;Cochlea&#187; (H\u00f6rschnecke) in Gang Haarzellen in H\u00f6rschnecke biegen sich durch Fl\u00fcssigkeitsbewegung Biegung der Haarzellen l\u00f6st elektrische Signale aus, welche via H\u00f6rnerv an Hirn weitergeleitet- und verarbeitet werden Quelle (15.07.2022): https:\/\/www.uniklinikum-dresden.de\/de\/das-klinikum\/kliniken-polikliniken-institute\/scic\/horen-mit-ci\/a-wie-wir-horen#:~:text=Das%20Au%C3%9Fenohr%20f%C3%A4ngt%20die%20Schallwellen,%2D%20Cochlea%20(lat.). Wahrzunehmender Schall muss eine Frequenz &hellip; <\/p>\n<p class=\"link-more\"><a href=\"https:\/\/chraebe.li\/?page_id=53\" class=\"more-link\"><span class=\"screen-reader-text\">&#171;Projekt &#171;Quinzy&#187;&#187;<\/span> weiterlesen<\/a><\/p>\n","protected":false},"author":1,"featured_media":0,"parent":0,"menu_order":0,"comment_status":"closed","ping_status":"closed","template":"","meta":{"footnotes":""},"class_list":["post-53","page","type-page","status-publish","hentry"],"_links":{"self":[{"href":"https:\/\/chraebe.li\/index.php?rest_route=\/wp\/v2\/pages\/53","targetHints":{"allow":["GET"]}}],"collection":[{"href":"https:\/\/chraebe.li\/index.php?rest_route=\/wp\/v2\/pages"}],"about":[{"href":"https:\/\/chraebe.li\/index.php?rest_route=\/wp\/v2\/types\/page"}],"author":[{"embeddable":true,"href":"https:\/\/chraebe.li\/index.php?rest_route=\/wp\/v2\/users\/1"}],"replies":[{"embeddable":true,"href":"https:\/\/chraebe.li\/index.php?rest_route=%2Fwp%2Fv2%2Fcomments&post=53"}],"version-history":[{"count":5,"href":"https:\/\/chraebe.li\/index.php?rest_route=\/wp\/v2\/pages\/53\/revisions"}],"predecessor-version":[{"id":124,"href":"https:\/\/chraebe.li\/index.php?rest_route=\/wp\/v2\/pages\/53\/revisions\/124"}],"wp:attachment":[{"href":"https:\/\/chraebe.li\/index.php?rest_route=%2Fwp%2Fv2%2Fmedia&parent=53"}],"curies":[{"name":"wp","href":"https:\/\/api.w.org\/{rel}","templated":true}]}}